{"id":9,"date":"2016-11-12T12:50:27","date_gmt":"2016-11-12T12:50:27","guid":{"rendered":"http:\/\/hundeverein-spork-schwelentrup.de\/?page_id=9"},"modified":"2025-02-08T21:23:51","modified_gmt":"2025-02-08T21:23:51","slug":"vorstand","status":"publish","type":"page","link":"https:\/\/hundeverein-spork-schwelentrup.de\/?page_id=9","title":{"rendered":"Vorstand"},"content":{"rendered":"\n<p>seit Februar 2025<\/p>\n\n\n\n<figure class=\"wp-block-image size-large\"><img loading=\"lazy\" decoding=\"async\" width=\"1024\" height=\"721\" src=\"https:\/\/hundeverein-spork-schwelentrup.de\/wp-content\/uploads\/2025\/02\/20250206_211010-1024x721.jpg\" alt=\"\" class=\"wp-image-13894\" srcset=\"https:\/\/hundeverein-spork-schwelentrup.de\/wp-content\/uploads\/2025\/02\/20250206_211010-1024x721.jpg 1024w, https:\/\/hundeverein-spork-schwelentrup.de\/wp-content\/uploads\/2025\/02\/20250206_211010-300x211.jpg 300w, https:\/\/hundeverein-spork-schwelentrup.de\/wp-content\/uploads\/2025\/02\/20250206_211010-768x540.jpg 768w, https:\/\/hundeverein-spork-schwelentrup.de\/wp-content\/uploads\/2025\/02\/20250206_211010-1536x1081.jpg 1536w, https:\/\/hundeverein-spork-schwelentrup.de\/wp-content\/uploads\/2025\/02\/20250206_211010-2048x1441.jpg 2048w\" sizes=\"(max-width: 1024px) 100vw, 1024px\" \/><\/figure>\n\n\n<p>&nbsp;<\/p>\n<div class=\"csRow\">\n<div class=\"csColumnGap\" style=\"margin: 0px; padding: 0px; float: left; width: 1.56%;\"><img decoding=\"async\" style=\"border: none;\" src=\"https:\/\/hundeverein-spork-schwelentrup.de\/wp-content\/plugins\/advanced-wp-columns\/assets\/js\/plugins\/views\/img\/1x1-pixel.png\"><\/div>\n<div class=\"csColumn\" style=\"margin: 0px; padding: 0px; float: left; width: 47.7%;\" data-csstartpoint=\"15\" data-csendpoint=\"472.5\" data-cswidth=\"47.7%\" data-csid=\"c107089a-dc8e-d139-be76-ee8b900b80a8\">\n<p><u>1. Vorsitzende<\/u><\/p>\n<p>Patricia Symonds<\/p>\n<p>32694 D\u00f6rentrup<\/p>\n<p>&nbsp;<\/p>\n<p><u>2. Vorsitzende<\/u><\/p>\n<p>Karin Berger<\/p>\n<p>32694 D\u00f6rentrup<\/p>\n<p>&nbsp;<\/p>\n<p><u>1. Gesch\u00e4fts- und Schriftf\u00fchrerin<\/u><\/p>\n<p>Ursula Schlingmeier<\/p>\n<p>32694 D\u00f6rentrup<\/p>\n<p>&nbsp;<\/p>\n<p><u>2. Gesch\u00e4fts- und Schriftf\u00fchrerin \/ Pressewartin<\/u><\/p>\n<p>Johanna Ancutko<\/p>\n<p>32694 D\u00f6rentrup<\/p>\n<p>&nbsp;<\/p>\n<p><u>1. Kassierer<\/u><\/p>\n<p>J\u00fcrgen Haneke<\/p>\n<p>32694 D\u00f6rentrup<\/p>\n<p>&nbsp;<\/p>\n<\/div>\n<div class=\"csColumnGap\" style=\"margin: 0px; padding: 0px; float: left; width: 1.56%;\"><img decoding=\"async\" style=\"border: none;\" src=\"https:\/\/hundeverein-spork-schwelentrup.de\/wp-content\/plugins\/advanced-wp-columns\/assets\/js\/plugins\/views\/img\/1x1-pixel.png\"><\/div>\n<div class=\"csColumn\" style=\"margin: 0px; padding: 0px; float: left; width: 47.7%;\" data-csstartpoint=\"487.5\" data-csendpoint=\"945\" data-cswidth=\"47.7%\" data-csid=\"7ef4cd4e-26fa-4748-a111-cef1dfb37ffb\">\n<p>&nbsp;<u>2. Kassier<\/u><\/p>\n<p>Dirk Voigt<\/p>\n<p>32694 D\u00f6rentrup<\/p>\n<p>&nbsp;<\/p>\n<p><u>Ausbildungswartin<\/u><\/p>\n<p>Sina Engelkemeier<\/p>\n<p>32699 Extertal<\/p>\n<p>&nbsp;<\/p>\n<p><u>Heimwart<\/u><\/p>\n<p>Dirk Voigt<\/p>\n<p>32694 D\u00f6rentrup<\/p>\n<\/div>\n<div class=\"csColumnGap\" style=\"margin: 0px; padding: 0px; float: left; width: 1.56%;\"><img decoding=\"async\" style=\"border: none;\" src=\"https:\/\/hundeverein-spork-schwelentrup.de\/wp-content\/plugins\/advanced-wp-columns\/assets\/js\/plugins\/views\/img\/1x1-pixel.png\"><\/div>\n<div style=\"clear: both; float: none; display: block; visibility: hidden; width: 0px; font-size: 0px; line-height: 0;\">&nbsp;<\/div>\n<\/div>\n<p>&nbsp;<\/p>","protected":false},"excerpt":{"rendered":"<p>seit Februar 2025 &nbsp; 1. Vorsitzende Patricia Symonds 32694 D\u00f6rentrup &nbsp; 2. Vorsitzende Karin Berger 32694 D\u00f6rentrup &nbsp; 1. Gesch\u00e4fts- und Schriftf\u00fchrerin Ursula Schlingmeier 32694 D\u00f6rentrup &nbsp; 2. Gesch\u00e4fts- und Schriftf\u00fchrerin \/ Pressewartin Johanna Ancutko 32694 D\u00f6rentrup &nbsp; 1. Kassierer J\u00fcrgen Haneke 32694 D\u00f6rentrup &nbsp; &nbsp;2. Kassier Dirk Voigt 32694 D\u00f6rentrup &nbsp; Ausbildungswartin Sina Engelkemeier [&hellip;]<\/p>\n","protected":false},"author":2,"featured_media":0,"parent":0,"menu_order":0,"comment_status":"closed","ping_status":"closed","template":"","meta":{"ngg_post_thumbnail":0,"footnotes":""},"_links":{"self":[{"href":"https:\/\/hundeverein-spork-schwelentrup.de\/index.php?rest_route=\/wp\/v2\/pages\/9"}],"collection":[{"href":"https:\/\/hundeverein-spork-schwelentrup.de\/index.php?rest_route=\/wp\/v2\/pages"}],"about":[{"href":"https:\/\/hundeverein-spork-schwelentrup.de\/index.php?rest_route=\/wp\/v2\/types\/page"}],"author":[{"embeddable":true,"href":"https:\/\/hundeverein-spork-schwelentrup.de\/index.php?rest_route=\/wp\/v2\/users\/2"}],"replies":[{"embeddable":true,"href":"https:\/\/hundeverein-spork-schwelentrup.de\/index.php?rest_route=%2Fwp%2Fv2%2Fcomments&post=9"}],"version-history":[{"count":45,"href":"https:\/\/hundeverein-spork-schwelentrup.de\/index.php?rest_route=\/wp\/v2\/pages\/9\/revisions"}],"predecessor-version":[{"id":13926,"href":"https:\/\/hundeverein-spork-schwelentrup.de\/index.php?rest_route=\/wp\/v2\/pages\/9\/revisions\/13926"}],"wp:attachment":[{"href":"https:\/\/hundeverein-spork-schwelentrup.de\/index.php?rest_route=%2Fwp%2Fv2%2Fmedia&parent=9"}],"curies":[{"name":"wp","href":"https:\/\/api.w.org\/{rel}","templated":true}]}}